{"id":425,"date":"2011-12-15T17:57:40","date_gmt":"2011-12-15T17:57:40","guid":{"rendered":"http:\/\/www.pisoskoni.com\/koni2011\/?page_id=425"},"modified":"2026-04-27T09:44:58","modified_gmt":"2026-04-27T09:44:58","slug":"born-placa-de-les-olles-cod-1122","status":"publish","type":"page","link":"https:\/\/pisoskoni.com\/?page_id=425","title":{"rendered":"POU DE L&#8217;ESTANC &#8211; 1122"},"content":{"rendered":"<p>Piso situado en el Born, a 5 minutos del Parc de la Ciutadella y a 2 minutos de la Estaci\u00f3 de Fran\u00e7a.<\/p>\n<h3><strong>Piso de 48m con gran ventanal luminoso.<\/strong><\/h3>\n<p><strong><strong>SAL\u00d3N<\/strong>\u00a0<\/strong>comedor con gran ventanal, techos altos y\u00a0vigas de madera.<\/p>\n<p><strong>COCINA\u00a0<\/strong>americana totalmente equipada.<\/p>\n<p><strong>1 HABITACI\u00d3N <\/strong>de matrimonio muy amplia.<\/p>\n<p><strong>BA\u00d1O\u00a0<\/strong>completo con ducha.<\/p>\n<p>&nbsp;<\/p>\n<h3><strong>EQUIPAMIENTO PISO\u00a0<\/strong><\/h3>\n<p>Piso con techos altos y vigas de madera. El suelo es de gres.<\/p>\n<p>Piso amueblado.<\/p>\n<h3><strong>ELECTRODOM\u00c9STICOS<\/strong><\/h3>\n<p>Nevera, lavadora, campana extractora, termo de gas.<\/p>\n<h3><strong>ORIENTACI\u00d3N\u00a0<\/strong><\/h3>\n<p>Monta\u00f1a<\/p>\n<h3><strong>ESTADO GENERAL<\/strong><\/h3>\n<p>Excelente<\/p>\n<p>&nbsp;<\/p>\n<h3><strong>TRANSPORTES P\u00daBLICOS<\/strong><\/h3>\n<p>Metro L4 Barceloneta \/ L4 Jaume I \/ L1 Arc de Triomf<\/p>\n<p>Tren en Estaci\u00f3 de Fran\u00e7a, Arc de Triomf y Pl.Catalunya<\/p>\n<p>Autob\u00fas\u00a0 47\/ 59\/ 120\/ D20\/ H14\/ V13\/ V15 \/V17\/ V19\/ N0\/ N6\/ N8\/ N28<\/p>\n<p>&nbsp;<\/p>\n<h3>ZONA<\/h3>\n<p>El Born se encuentra entre la Via Laietana y la Barceloneta, caracterizado por sus preciosas callejuelas antiguas. En el Born, se encuentra la Bas\u00edlica de Santa Mar\u00eda del Mar y el museo Picasso, buen servicio de transporte, con las paradas del metro Barceloneta y Jaume I en la misma l\u00ednea. No obstante, a Las Ramblas y al centro de la ciudad puedes llegar caminando en s\u00f3lo 10 minutos.<\/p>\n<p>La playa tambi\u00e9n est\u00e1 a unos 10 minutos caminando, lo que significa que podr\u00e1s disfrutar de la playa.\u00a0 Adem\u00e1s, el Born est\u00e1 bastante cerca del Parque de la Ciutadella: un lugar tranquilo para relajarte una tarde.<\/p>\n<p>Se trata de una parte pintoresca y cultural de Barcelona que tiene muchos caf\u00e9s y bares llenos de vida.<\/p>\n","protected":false},"excerpt":{"rendered":"<p>Piso situado en el Born, a 5 minutos del Parc de la Ciutadella y a 2 minutos de la Estaci\u00f3 de Fran\u00e7a. Piso de 48m con gran ventanal luminoso. SAL\u00d3N\u00a0comedor con gran ventanal, techos altos y\u00a0vigas de madera. COCINA\u00a0americana totalmente &hellip; <a href=\"https:\/\/pisoskoni.com\/?page_id=425\">Sigue leyendo <span class=\"meta-nav\">&rarr;<\/span><\/a><\/p>\n","protected":false},"author":1,"featured_media":0,"parent":0,"menu_order":20,"comment_status":"open","ping_status":"closed","template":"","meta":[],"_links":{"self":[{"href":"https:\/\/pisoskoni.com\/index.php?rest_route=\/wp\/v2\/pages\/425"}],"collection":[{"href":"https:\/\/pisoskoni.com\/index.php?rest_route=\/wp\/v2\/pages"}],"about":[{"href":"https:\/\/pisoskoni.com\/index.php?rest_route=\/wp\/v2\/types\/page"}],"author":[{"embeddable":true,"href":"https:\/\/pisoskoni.com\/index.php?rest_route=\/wp\/v2\/users\/1"}],"replies":[{"embeddable":true,"href":"https:\/\/pisoskoni.com\/index.php?rest_route=%2Fwp%2Fv2%2Fcomments&post=425"}],"version-history":[{"count":617,"href":"https:\/\/pisoskoni.com\/index.php?rest_route=\/wp\/v2\/pages\/425\/revisions"}],"predecessor-version":[{"id":51810,"href":"https:\/\/pisoskoni.com\/index.php?rest_route=\/wp\/v2\/pages\/425\/revisions\/51810"}],"wp:attachment":[{"href":"https:\/\/pisoskoni.com\/index.php?rest_route=%2Fwp%2Fv2%2Fmedia&parent=425"}],"curies":[{"name":"wp","href":"https:\/\/api.w.org\/{rel}","templated":true}]}}